{"id":881,"date":"2021-11-16T09:17:56","date_gmt":"2021-11-16T09:17:56","guid":{"rendered":"https:\/\/atletismogana.es\/?page_id=881"},"modified":"2024-12-10T18:21:15","modified_gmt":"2024-12-10T17:21:15","slug":"politica-de-uso-de-cookies","status":"publish","type":"page","link":"https:\/\/atletismogana.es\/?page_id=881","title":{"rendered":"Pol\u00edtica de Uso de Cookies"},"content":{"rendered":"\n<p>En cumplimento de la Ley 34\/2002, de Servicios de Sociedad de la Informaci\u00f3n y de comercio electr\u00f3nico <strong>GRUPO DE ATLETISMO DE NAVARRA &nbsp;<\/strong>&nbsp;informa que una cookie es un fichero que se descarga en su ordenador al acceder a determinadas p\u00e1gina webs web. Las cookies permiten a una p\u00e1gina web, entre otras cosas, almacenar y recuperar informaci\u00f3n sobre los h\u00e1bitos de navegaci\u00f3n de un usuario o de su equipo y, dependiendo de la informaci\u00f3n que contengan y de la forma en que utilice su equipo, pueden utilizarse para reconocer al usuario.<\/p>\n\n\n\n<p><strong>TIPOS DE COOKIES<\/strong><\/p>\n\n\n\n<ul class=\"wp-block-list\"><li><strong>Por su gesti\u00f3n:<\/strong><ul><li>C<strong>ookies gestionadas por la organizaci\u00f3n<\/strong>; son aquellas que act\u00faan en el dispositivo del usuario desde un dominio gestionado por la organizaci\u00f3n propietaria del dominio.<\/li><li><strong>Cookies de terceros<\/strong>; son aquellas que se env\u00eden al dispositivo del usuario desde un dominio que no es gestionado por la organizaci\u00f3n, sino por otra entidad que trata los datos obtenidos a trav\u00e9s de las cookies.<\/li><\/ul><\/li><\/ul>\n\n\n\n<ul class=\"wp-block-list\"><li><strong>Por el tiempo de almacenamiento:<\/strong><ul><li><strong>Cookies de sesi\u00f3n, <\/strong>para recabar y almacenar datos mientras el usuario accede a una web. Se suele utilizar para almacenar informaci\u00f3n solicitada por el usuario en una sola ocasi\u00f3n. <\/li><li><strong>Cookies persistentes, <\/strong>Los datos siguen almacenados en el terminal y pueden ser accedidos y tratados durante un periodo definido por el responsable de la cookie, y su duraci\u00f3n es de unos minutos a varios a\u00f1os. <\/li><\/ul><\/li><\/ul>\n\n\n\n<ul class=\"wp-block-list\"><li><strong>Por la finalidad de tratamiento de datos:<\/strong><ul><li> <strong>Cookies  anal\u00edticas<\/strong>,&nbsp;son  aqu\u00e9llas que bien tratadas por nosotros o por terceros, nos permiten cuantificar el n\u00famero de usuarios y as\u00ed realizar la medici\u00f3n y an\u00e1lisis  estad\u00edstico de la utilizaci\u00f3n que hacen los usuarios del servicio ofertado. Para ello se analiza su navegaci\u00f3n en nuestra p\u00e1gina web con el fin de mejorar la oferta de productos o servicios que le ofrecemos.<\/li><li><strong>Cookies publicitarias, s<\/strong>on aqu\u00e9llas que, bien tratadas por nosotros o por terceros, nos permiten gestionar de la forma m\u00e1s eficaz posible la oferta de los espacios publicitarios que hay en la p\u00e1gina web, adecuando el contenido del anuncio al contenido del servicio solicitado o al uso que realice de nuestra p\u00e1gina web. Para ello podemos analizar sus h\u00e1bitos de navegaci\u00f3n en Internet y podemos mostrarle publicidad relacionada con su perfil de navegaci\u00f3n.<\/li><li><strong>Cookies t\u00e9cnicas; <\/strong>son aquellas que permiten controlar la utilizaci\u00f3n de diferentes aplicaciones o servicios para controlar el tr\u00e1fico y la comunicaci\u00f3n de datos.<\/li><li><strong>Cookies de personalizaci\u00f3n<\/strong>; permiten al usuario acceder al servicio con algunas caracter\u00edsticas de car\u00e1cter general predefinidas en funci\u00f3n de una serie de criterios en el      dispositivo del usuario.<\/li><li><strong>Cookies de redes sociales externas, <\/strong>se utilizan para que los visitantes puedan interactuar con el contenido de diferentes plataformas sociales y que se generen \u00fanicamente para los usuarios de dichas redes sociales. <\/li><\/ul><\/li><\/ul>\n\n\n\n<p>A continuaci\u00f3n le informamos detalladamente de las\ncookies que pueden instalarse desde nuestro sitio web. En funci\u00f3n de su\nnavegaci\u00f3n podr\u00e1n instalarse todas o s\u00f3lo algunas de ellas.<\/p>\n\n\n\n<figure class=\"wp-block-table\"><table><tbody><tr><td><strong>NOMBRE<\/strong><\/td><td><strong>CATEGOR\u00cdA<\/strong><\/td><td class=\"has-text-align-left\" data-align=\"left\"><strong>DESCRIPCI\u00d3N<\/strong><\/td><td><strong>PROPIEDAD<\/strong><\/td><td><strong>DURACI\u00d3N<\/strong><\/td><\/tr><tr><td>__ga<\/td><td>An\u00e1lisis<\/td><td class=\"has-text-align-left\" data-align=\"left\">Se usa   para distinguir a los usuarios<\/td><td>Terceros<\/td><td>2 a\u00f1os<\/td><\/tr><tr><td>__gid<\/td><td>An\u00e1lisis<\/td><td class=\"has-text-align-left\" data-align=\"left\">Se usa   para distinguir a los usuarios<\/td><td>Terceros<\/td><td>24 horas<\/td><\/tr><tr><td>WordPress_<\/td><td>   Funcionalidad<\/td><td class=\"has-text-align-left\" data-align=\"left\">Se activa durante   el login y guarda los detalles de autentificaci\u00f3n<\/td><td>Propia<\/td><td>1 a\u00f1o<\/td><\/tr><tr><td>WordPress_log   Ged_in_<\/td><td>   Funcionalidad<\/td><td class=\"has-text-align-left\" data-align=\"left\">Se activa durante   el login y guarda los detalles de autentificaci\u00f3<\/td><td>Propia<\/td><td>1 a\u00f1o<\/td><\/tr><tr><td>WordPress_test   _cookie<\/td><td>   Funcionalidad<\/td><td class=\"has-text-align-left\" data-align=\"left\">Se activa durante   el login y guarda los detalles de autentificaci\u00f3n<\/td><td>Propia<\/td><td>1 a\u00f1o<\/td><\/tr><tr><td>Wp-settings-<\/td><td>   Funcionalidad<\/td><td class=\"has-text-align-left\" data-align=\"left\">Sirve para   personalizar la Interfaz de Usuario<\/td><td>Propia<\/td><td>1 a\u00f1o<\/td><\/tr><tr><td>Wp-settings-   Time-<\/td><td>   Funcionalidad<\/td><td class=\"has-text-align-left\" data-align=\"left\">Sirve para personalizar   la Interfaz de Usuario<\/td><td>Propia<\/td><td>Finalizaci\u00f3n de la sesi\u00f3n<\/td><\/tr><tr><td>CatAccCookies<\/td><td>  Funcionalidad<\/td><td class=\"has-text-align-left\" data-align=\"left\">Contienen un c\u00f3digo   para verificar que la pol\u00edtica de cookies ha sido aceptada<\/td><td>Propia<\/td><td>1 d\u00eda<\/td><\/tr><\/tbody><\/table><\/figure>\n\n\n\n<p><strong>REVOCACI\u00d3N Y ELIMINACI\u00d3N DE COOKIES<\/strong><\/p>\n\n\n\n<p>Puedes permitir, bloquear o\neliminar las cookies instaladas en tu ordenador mediante la configuraci\u00f3n de\nlas opciones del navegador instalado en tu ordenador.<\/p>\n\n\n\n<p>En caso uses otro navegador\nte dejamos los enlaces que te permitir\u00e1n configurar el uso de las cookies:<\/p>\n\n\n\n<ul class=\"wp-block-list\"><li>Para m\u00e1s informaci\u00f3n sobre el navegador <strong>Firefox<\/strong> pulse <a rel=\"noreferrer noopener\" href=\"https:\/\/support.mozilla.org\/es\/kb\/cookies-informacion-que-los-sitios-web-guardan-en-\" target=\"_blank\">aqu\u00ed<\/a>.\u00a0 <\/li><li>Para m\u00e1s informaci\u00f3n sobre el navegador <strong>Chrome<\/strong> pulse <a rel=\"noreferrer noopener\" href=\"https:\/\/support.google.com\/chrome\/answer\/95647?hl=es\" target=\"_blank\">aqu\u00ed<\/a>. <\/li><li>Para m\u00e1s informaci\u00f3n sobre el navegador <strong>Explorer<\/strong> pulse <a href=\"https:\/\/support.microsoft.com\/es-es\/windows\/eliminar-y-administrar-cookies-168dab11-0753-043d-7c16-ede5947fc64d#ie=ie-11\" target=\"_blank\" rel=\"noreferrer noopener\">aqu\u00ed<\/a>. <\/li><li>Para m\u00e1s informaci\u00f3n sobre el navegador <strong>Safari<\/strong> pulse <a rel=\"noreferrer noopener\" href=\"https:\/\/support.apple.com\/es-es\/HT201265\" target=\"_blank\">aqu\u00ed<\/a>.<\/li><li>Para m\u00e1s informaci\u00f3n sobre el navegador <strong>Opera<\/strong> pulse <a href=\"https:\/\/help.opera.com\/en\/latest\/web-preferences\/\" target=\"_blank\" rel=\"noreferrer noopener\">aqu\u00ed<\/a><\/li><\/ul>\n\n\n\n<p>Respecto de la cookies de terceros, es decir aquellas que son ajenas a nuestro sitio web, no podemos hacernos responsables del contenido y veracidad de las pol\u00edticas de privacidad que ellos incluyen por lo que la informaci\u00f3n que le ofrecemos es siempre con referencia a la fuente. <\/p>\n","protected":false},"excerpt":{"rendered":"<p>En cumplimento de la Ley 34\/2002, de Servicios de Sociedad de la Informaci\u00f3n y de comercio electr\u00f3nico GRUPO DE ATLETISMO DE NAVARRA &nbsp;&nbsp;informa que una cookie es un fichero que se descarga en su ordenador al acceder a determinadas p\u00e1gina webs web. Las cookies permiten a una p\u00e1gina web, entre otras cosas, almacenar y recuperar [&hellip;]<\/p>\n","protected":false},"author":1,"featured_media":0,"parent":0,"menu_order":0,"comment_status":"closed","ping_status":"closed","template":"","meta":{"footnotes":""},"class_list":["post-881","page","type-page","status-publish","hentry"],"_links":{"self":[{"href":"https:\/\/atletismogana.es\/index.php?rest_route=\/wp\/v2\/pages\/881","targetHints":{"allow":["GET"]}}],"collection":[{"href":"https:\/\/atletismogana.es\/index.php?rest_route=\/wp\/v2\/pages"}],"about":[{"href":"https:\/\/atletismogana.es\/index.php?rest_route=\/wp\/v2\/types\/page"}],"author":[{"embeddable":true,"href":"https:\/\/atletismogana.es\/index.php?rest_route=\/wp\/v2\/users\/1"}],"replies":[{"embeddable":true,"href":"https:\/\/atletismogana.es\/index.php?rest_route=%2Fwp%2Fv2%2Fcomments&post=881"}],"version-history":[{"count":10,"href":"https:\/\/atletismogana.es\/index.php?rest_route=\/wp\/v2\/pages\/881\/revisions"}],"predecessor-version":[{"id":8994,"href":"https:\/\/atletismogana.es\/index.php?rest_route=\/wp\/v2\/pages\/881\/revisions\/8994"}],"wp:attachment":[{"href":"https:\/\/atletismogana.es\/index.php?rest_route=%2Fwp%2Fv2%2Fmedia&parent=881"}],"curies":[{"name":"wp","href":"https:\/\/api.w.org\/{rel}","templated":true}]}}